 0 = -3*w - 5*p + 4, -4*w + 5 = 5*p - 2. Calculate the highest common factor of 5 and w.
1
Suppose -z + 4 = 0, -40 = -2*d - 3*d - 5*z. Let j be (16/20)/(d/(-3010)). Let u = 902 + j. Calculate the highest common divisor of 30 and u.
30
Let m(j) = -j**2 - 2*j + 4. Let i be m(0). Let t be 126/24 - 1/i. Suppose -u + t*o = 12, o = 4*u - 0*o - 47. What is the greatest common divisor of 13 and u?
13
Let r = 27 + 12. Let b = 42 - r. Calculate the highest common divisor of b and 21.
3
Let q be (-60)/(-25)*55/3. Calculate the greatest common divisor of 99 and q.
11
Let i be 3/(-6)*-4 - 0. Suppose c = 5*d - 16, i*c + 0*c = -d + 1. Suppose -w = -2*y - 3*y + 13, d*w + 3 = -3*y. Calculate the highest common factor of y and 1.
1
Suppose 4*y - 3*s = 107 + 126, 4*s = 4*y - 228. Suppose -524 = -2*c - 28. What is the greatest common factor of y and c?
62
Suppose -375 = -9*q - 51. Calculate the highest common divisor of 126 and q.
18
Let j = 1513 + -633. What is the highest common factor of 88 and j?
88
Suppose -4001 = -15*o - 851. What is the highest common divisor of 30 and o?
30
Suppose 0 = -l - 1, 166*l = -3*u + 171*l + 8. Calculate the greatest common factor of u and 162.
1
Suppose 0 = -5*d + 5*w + 1105, 92 - 1201 = -5*d + w. Calculate the highest common divisor of 74 and d.
74
Suppose -5*k + 125 = 5*z, -2*k = -z - 4*z - 85. Let o be (6/7)/(10/(-140)). Let g be (10/k)/((-2)/o). What is the highest common divisor of g and 14?
2
Let f be 0 + 1*4 + 1. Let p(n) = 3*n + 79. Let h be p(-8). What is the greatest common factor of h and f?
5
Let c(p) = -3*p + 5. Let d be c(4). Let f = 76 + d. Suppose 22 = z - 1. What is the greatest common factor of z and f?
23
Let a(f) = 2*f**2 - 8*f - 7. Let o be a(5). Suppose -b + 75 = -3*u, 0*b - 3*b + o*u + 225 = 0. Calculate the highest common factor of b and 30.
15
Let v be (-2775)/(-35) - -10*6/84. Suppose 4*k - 5 = 3*k. Calculate the highest common factor of v and k.
5
Suppose -14*a - 862 + 918 = 0. What is the highest common factor of 664 and a?
4
Let n(a) = a**2 - 7*a - 70. Let v be n(-7). What is the greatest common factor of v and 7?
7
Let p(h) = 61*h - 140. Let y be p(12). What is the highest common divisor of 16 and y?
16
Suppose -15 = -3*p, -2*h + 154 + 123 = p. Calculate the highest common divisor of h and 40.
8
Suppose 19*j - 27*j + 384 = 0. Calculate the highest common factor of j and 816.
48
Suppose j = 5*t + 28, 4*t = -j + 7*t + 30. Suppose -111 = -2*c - c. Let p = c - 15. Calculate the highest common factor of p and j.
11
Let b be 61344/189 + 2/(14/3). What is the highest common factor of 13 and b?
13
Let w be (-1)/2*-158 + (-34)/34. What is the greatest common divisor of 26 and w?
26
Suppose -3*o + 15 = 0, 0*a + 10 = 2*a - 4*o. What is the greatest common factor of 1 and a?
1
Let g be 4/20 - 174/(-5). Suppose -3*p + y - 6 = -4*p, 2*p + 4*y - 10 = 0. Calculate the highest common divisor of g and p.
7
Let r(q) = q**3 + 41*q**2 - 44*q + 77. Let w be r(-42). Calculate the greatest common factor of w and 7.
7
Let h be (((-9963)/6)/(-9))/((-4)/(-8)). What is the greatest common divisor of 27 and h?
9
Let u(c) = 6*c + 2*c**2 + 6 - 8*c + 6*c. Let d be u(-4). Calculate the highest common divisor of d and 55.
11
Let h(t) = t**3 - 9*t**2 + 15*t + 2. Suppose -3*z = -13 - 8. Let d be h(z). What is the greatest common divisor of d and 63?
9
Suppose -5*r + 3*d = -205 + 21, -2*r + 85 = -5*d. Let u = 41 + -36. Calculate the greatest common divisor of u and r.
5
Suppose 34*y = 37*y - 459. What is the greatest common divisor of y and 18?
9
Suppose -2*c + 7 = -t, -2*c - t = -5*c + 8. Let y(h) = 6*h. Let n be y(c). What is the greatest common divisor of n and 48?
6
Suppose -2*l + 10 = 2. Suppose -60 = -l*j - 0*j. Let k be (-12)/30 - (-186)/j. What is the highest common divisor of 12 and k?
12
Let y = 93 + -134. Let b = y + 48. Let c = 22 + -8. Calculate the highest common factor of b and c.
7
Suppose 51*a = 63*a - 204. What is the highest common divisor of a and 34?
17
Suppose 0 = -3*b - 5*z + 13 + 13, 0 = 3*z - 12. Suppose 0*a + 26 = 4*a + b*u, -u = 3*a - 19. Calculate the greatest common divisor of a and 4.
2
Suppose 350 = 3*a + 4*d, 3*a - 7*a = -4*d - 448. Let l be 12/8 - a/(-4). What is the highest common divisor of 20 and l?
10
Let u = 2618 - 2606. Let m(o) = 3*o**2 - 5*o - 6. Let f be (2/(-4))/((-1)/(-12)). Let a be m(f). What is the highest common factor of a and u?
12
Suppose 15 = -3*f - l + 4*l, -4*f = -3*l + 19. Let v be (18/f)/((-21)/28). Calculate the highest common factor of 6 and v.
6
Let f be 24/(-108) + 47/9. Suppose 0*u = 3*t - u - 52, -f*t + 2*u = -85. Calculate the highest common factor of t and 209.
19
Let x be 2 + (7 - -3) + 0. Let l be -2*26*(-3)/x. Suppose -5*j = 2*r - 150, 2*r - 5*r = -j - 191. Calculate the greatest common divisor of r and l.
13
Let g = -6 + 10. Suppose g*r - 184 = -32. Suppose 480 = b + 404. What is the greatest common divisor of b and r?
38
Suppose w + 0*w = 6*h + 84, -3*h = -4*w + 420. What is the greatest common factor of w and 288?
36
Suppose 5*s - 152 = 2*i, s - 2*s - 3*i + 27 = 0. Suppose 3*q = -2*g + 45, -2*g - g = 0. Calculate the greatest common divisor of s and q.
15
Let n(q) = 10*q**2 - 10*q. Let y be n(3). Let t = -5 + -15. Let r = y + t. Calculate the highest common factor of 5 and r.
5
Suppose g = 4*g - 69. Suppose 0 = -7*p + 5*p. Suppose p = -a + 54 + 38. Calculate the greatest common factor of g and a.
23
Suppose 12*j - 14*j = -216. Calculate the highest common divisor of 81 and j.
27
Let s = 1 + 11. Suppose -16*k + s*k + 4 = 0. Calculate the greatest common divisor of 3 and k.
1
Suppose 13*c + 94 = 367. Let k(u) = -2*u + 3. Let j be k(-9). Calculate the greatest common factor of c and j.
21
Let x(n) = -4*n + 30. Let j be x(4). Calculate the highest common divisor of j and 574.
14
Suppose -5*v - s = -61, -3*s = 2*v - 7*s - 42. What is the highest common divisor of 13 and v?
13
Suppose -g + 276 = 4*k, -118 = 2*g - 110. Let b = -3 - -13. What is the highest common divisor of k and b?
10
Let n be (552/16)/((-1)/2). Let b(o) = o**2 + 25*o - 1. Let c be b(-23). Let j = c - n. What is the greatest common divisor of j and 55?
11
Let q(z) = -5*z**2 - 36*z + 17. Let f be q(-4). Calculate the highest common factor of f and 999.
27
Let s(c) = -65*c**3 + 3*c**2 - c + 1. Let u be s(-2). Suppose r - 6*r = 5*k - u, -5*r - 221 = -2*k. Calculate the greatest common factor of 27 and k.
27
Let m(g) = -g**2 - 8*g. Let l be m(-6). Let k be 990/(-12)*4/3. Let w = k - -242. What is the highest common factor of l and w?
12
Let x(y) = -y**3 - y**2 + 2. Let h be x(-7). Suppose 2*w = -354 - h. Let a be w/10*12/(-15). Calculate the greatest common factor of a and 26.
26
Suppose 4*u - 7 = -2*h + h, 3*u - 3*h = 24. What is the greatest common divisor of 81 and u?
3
Let n(k) = -4 + 5*k + 8*k**2 - 8 + k**3 + 2*k. Let c be n(-6). Calculate the highest common divisor of 45 and c.
9
Suppose -36 = -4*l + 4*b, -3*l = 2*b - 6 - 41. Let o = -4181 + 2183. Let u be o/(-14) - 4/(-14). Calculate the greatest common factor of u and l.
13
Suppose 4*i = v - 261, -200 = -2*v - 3*i + 289. Let p = v + -130. Calculate the greatest common divisor of p and 17.
17
Let j be (-2)/10 - 342/(-10). Let g(x) = -3*x - 1. Let m be g(3). Let v = 95 + m. Calculate the highest common divisor of v and j.
17
Let f be (52/(-4) + 3)/(-2). Suppose -4*z - 8 + 43 = -3*c, -3*c = 4*z - f. What is the greatest common factor of z and 4?
1
Suppose 3*l - 35 = -4*k, 2*l - 26 = -5*k + 2*k. Let m be (-17 - 3)*18/k. Let i = -27 - m. What is the greatest common factor of 198 and i?
18
Suppose -7*m + 5*m - 5*q + 229 = 0, 0 = -5*q + 5. Calculate the greatest common factor of 56 and m.
56
Let f(n) = -27*n - 241. Let b be f(-11). Calculate the greatest common factor of b and 40.
8
Let z be (-2)/(-9) + 412/9. Let l = z - 42. What is the highest common divisor of 8 and l?
4
Suppose 2*y - 18 = -0. Suppose 0 = -y*c + 5*c + 60. What is the highest common factor of 120 and c?
15
Let j(q) = -7*q**3 + q. Let y = 17 + -18. Let h be j(y). What is the highest common factor of h and 60?
6
Suppose -5*w + w + 25 = k, -10 = -w - k. Suppose 308 = w*g + 6*g. Let n(z) = 22*z**2 - z + 1. Let y be n(3). Calculate the greatest common divisor of y and g.
28
Let f = 369 - 344